**3 - 1460*l**2 - 1503*l + 29998. What is o(731)?
27
Let k(g) = 18*g**3 - 15*g**2 - 188*g - 311. Determine k(-2).
-139
Let k(q) = 496*q**3 + 20*q**2 + 15*q - 5. What is k(-1)?
-496
Let q(i) = -2382*i**2 - 7145*i - 2. Calculate q(-3).
-5
Let h(a) = -2*a**2 + 142*a - 3275. Determine h(32).
-779
Let r(f) = -81338*f + 569336. Calculate r(7).
-30
Let o(a) = -2*a**2 - 27577*a - 715732. Give o(-26).
-82
Let o(f) = 16277*f - 16272. What is o(1)?
5
Let p(k) = 2*k**2 - 2758*k + 32913. Calculate p(12).
105
Let p(c) = -69897*c + 490112. Calculate p(7).
833
Let i(u) = -12*u**2 + 244*u + 5011. What is i(33)?
-5
Let o(t) = -t**2 + 5107*t + 76802. Determine o(-15).
-28
Let z(r) = 322151*r + 3865820. What is z(-12)?
8
Let f(k) = -8*k**3 - 921*k**2 - 65*k + 5805. Calculate f(-115).
55
Let f(y) = -64*y**2 - 46*y + 4676. Give f(-9).
-94
Let f(k) = -3879*k - 19362. Determine f(-5).
33
Let x(t) = 8*t**3 + 20*t**2 + 36*t - 130. What is x(-8)?
-3234
Let r(b) = -7*b**2 + 125*b + 81. Determine r(28).
-1907
Let z(s) = 2053*s - 1962. Give z(1).
91
Let p(s) = -s**3 + 1560*s**2 + 18803*s - 751. Determine p(-12).
-19
Let g(h) = 188081*h + 752607. Determine g(-4).
283
Let p(b) = 2*b**3 + 13*b**2 - 73*b + 38. Calculate p(4).
82
Let n(z) = z**3 - 7718*z**2 + 69381*z - 10. Calculate n(9).
-10
Let c(d) = -45*d**2 - 1152*d + 97178. Calculate c(-61).
5
Let o(x) = 2744660*x - 16467965. Calculate o(6).
-5
Let p(q) = 35*q - 391. Determine p(14).
99
Let u(i) = -i**3 + 31*i**2 - 534*i + 8121. Calculate u(23).
71
Let f(v) = v**2 - 65*v + 125. Calculate f(21).
-799
Let w(i) = 66128*i + 925827. Give w(-14).
35
Let a(b) = -139*b - 4794. What is a(-44)?
1322
Let i(h) = h**2 - 368*h + 26741. Give i(270).
281
Let g(h) = h**2 - 114*h + 121. What is g(36)?
-2687
Let c(n) = -1881*n - 22337. Give c(-12).
235
Let z(l) = 20325*l + 81008. Determine z(-4).
-292
Let q(w) = -w**3 + 118*w**2 - 2798*w + 3928. Calculate q(86).
-28
Let i(u) = u**3 - 108*u**2 + 110*u + 10779. Calculate i(106).
-33
Let c(r) = 12*r**2 + 4080*r + 39596. Give c(-330).
-4
Let x(a) = -a**2 + 803192*a - 8031830. Determine x(10).
-10
Let z(i) = 18*i**2 + 2807*i - 39711. Determine z(-169).
4
Let c(w) = w**3 - 18*w**2 - 20296*w + 61026. Give c(3).
3
Let k(q) = -19*q**2 + 468*q + 34438. Calculate k(-32).
6
Let a(u) = 106*u**2 + 477*u - 309. Determine a(-5).
-44
Let g(y) = 23914*y - 813078. Calculate g(34).
-2
Let o(h) = 87*h**3 + 176*h**2 + 17*h. What is o(-2)?
-26
Let w(j) = -j**2 - 49*j + 6210. Determine w(-91).
2388
Let r(y) = 8631*y + 345256. Give r(-40).
16
Let k(o) = -1631*o + 55399. Give k(34).
-55
Let u(a) = -3*a**2 - 30623*a - 91855. What is u(-3)?
-13
Let s(p) = -7*p - 102. Determine s(80).
-662
Let v(k) = k**3 + 174*k**2 + 2530*k + 285. What is v(-158)?
-31
Let y(n) = 655*n**2 - 16381*n - 48. Calculate y(25).
-198
Let q(u) = -216061*u + 5401539. What is q(25)?
14
Let k(p) = 54*p - 1225. Give k(27).
233
Let i(o) = -89*o**2 - 1676*o - 1680. Determine i(-1).
-93
Let a(z) = 4*z**3 - 167*z**2 + 291*z - 450. Calculate a(40).
-10
Let f(n) = 28098*n + 814837. Determine f(-29).
-5
Let q(g) = -288*g - 2253. What is q(-5)?
-813
Let t(n) = -2*n**3 + 43*n**2 + 266*n - 5160. Calculate t(22).
208
Let d(n) = -n**2 - 2553*n - 404791. Determine d(-170).
319
Let g(r) = 17*r - 1078. What is g(131)?
1149
Let l(m) = 540*m + 61520. What is l(-114)?
-40
Let g(r) = -r**2 - 3*r + 2226. Give g(45).
66
Let s(h) = -h**3 - 359*h**2 - 698*h + 5993. Give s(-357).
281
Let d(m) = -1465*m - 89476. Determine d(-61).
-111
Let d(z) = 32*z + 1192. Determine d(-88).
-1624
Let r(j) = 91*j**2 + 5*j - 3. Determine r(-1).
83
Let c(a) = 361859*a + 8322765. Calculate c(-23).
8
Let z(s) = 311187*s + 1244777. Determine z(-4).
29
Let y(b) = 19*b + 1219. Calculate y(-97).
-624
Let q(j) = -18997*j - 75984. What is q(-4)?
4
Let z(s) = 13*s**3 + 4*s**2 + 19*s - 46. What is z(2)?
112
Let n(w) = 24*w**3 - 1175*w**2 - 22*w - 1299. What is n(49)?
24
Let g(r) = -r**2 + 23405*r - 163774. Calculate g(7).
12
Let h(m) = 3*m**3 + 64*m + 1209. Give h(0).
1209
Let r(k) = -3724*k - 309073. Calculate r(-83).
19
Let l(d) = -16*d**2 - 1450*d + 29. Determine l(-91).
-517
Let s(h) = -363215*h - 11259661. Determine s(-31).
4
Let r(l) = l**3 - 88*l**2 + 1192*l - 104790. Calculate r(88).
106
Let y(s) = -49567*s + 4560159. What is y(92)?
-5
Let r(j) = -1877*j - 91925. What is r(-49)?
48
Let q(b) = 7382*b - 66491. Determine q(9).
-53
Let v(b) = -b**2 - 136530*b + 3960210. What is v(29)?
-1
Let m(c) = -1335*c**2 - 81470*c - 2128. Calculate m(-61).
7
Let a(z) = 1358*z + 143952. Give a(-106).
4
Let p(a) = -264*a + 18380. What is p(71)?
-364
Let r(t) = -2*t**3 - 646*t**2 - 669*t - 8120. Determine r(-322).
-70
Let x(s) = -2*s**3 + 85*s**2 - 410*s + 189. What is x(5)?
14
Let m(s) = 1346*s + 44376. Determine m(-33).
-42
Let t(r) = 2*r**3 + 275*r**2 - 3322*r - 31686. Calculate t(-148).
-14
Let f(j) = j**3 - 69*j**2 - 288*j - 674. Calculate f(73).
-382
Let h(c) = 20*c**3 + 6*c**2 - 2*c - 136. Give h(0).
-136
Let t(f) = -f**3 + 18*f**2 + 59*f - 1398. Determine t(14).
212
Let r(x) = 1503448*x - 13. Give r(0).
-13
Let v(d) = 4*d**2 + 539*d + 4393. Give v(-126).
-17
Let i(l) = -234190*l - 1639326. What is i(-7)?
4
Let c(b) = -b**3 - 90*b**2 - 1827*b + 228. Determine c(-59).
110
Let t(x) = -4124*x - 17735. Calculate t(-4).
-1239
Let j(z) = -22957*z - 68867. Calculate j(-3).
4
Let j(r) = 2*r**2 - 157*r + 2007. What is j(63)?
54
Let v(c) = 9*c**2 - 189*c + 73. Calculate v(21).
73
Let a(l) = 9*l**3 - 58*l + 54. Give a(4).
398
Let v(d) = -8556*d - 410692. Calculate v(-48).
-4
Let y(j) = -j**3 + 2*j**2 + 175*j + 747. Determine y(-8).
-13
Let b(d) = 251*d - 14258. Give b(57).
49
Let b(h) = -6039377*h - 13. Calculate b(0).
-13
Let d(k) = -638*k**2 - k + 123. Calculate d(0).
123
Let t(w) = -84*w**2 + 11065*w + 3035. Determine t(132).
-1
Let h(t) = -t**3 - 53*t**2 + 285*t + 37. What is h(-58)?
327
Let y(z) = 211*z**2 + 2954*z - 10. Calculate y(-14).
-10
Let z(h) = 9*h**2 + 5710*h + 11378. Determine z(-2).
-6
Let k(h) = -h**2 + 194*h + 102164. Determine k(-237).
17
Let j(c) = 11*c**2 - 44*c - 1798. Give j(15).
17
Let f(r) = -2*r**2 - 124*r - 2100. Give f(-42).
-420
Let n(p) = -76*p**2 + 1186*p + 4254. Calculate n(-3).
12
Let h(q) = -2*q**2 + 404*q - 11893. What is h(158)?
2011
Let g(m) = -m**2 - 82028*m - 984189. Give g(-12).
3
Let d(v) = v**3 - 181*v**2 - 357*v - 1541. Determine d(183).
106
Let g(h) = -8*h**3 + 1722*h**2 + 16178*h + 295. Calculate g(-9).
7
Let v(u) = 202691*u - 608149. Calculate v(3).
-76
Let l(b) = -1587*b + 220427. Determine l(139).
-166
Let h(f) = 924*f - 3816. Calculate h(3).
-1044
Let a(m) = 79*m**2 - 5124*m - 384. What is a(65)?
331
Let l(h) = 223*h - 31990. Determine l(142).
-324
Let x(c) = -4286*c + 30541. Give x(7).
539
Let i(w) = w**3 - 17*w**2 - 217*w + 1524. Give i(7).
-485
Let z(p) = -831*p - 346480. Determine z(-417).
47
Let y(k) = -k**3 - 338*k**2 + 2037*k - 9292. Determine y(-344).
-4
Let b(w) = -5*w**3 - w**2 - 41*w - 166. Calculate b(-5).
639
Let u(k) = -3349*k + 6787. Determine u(2).
89
Let i(q) = 104*q**2 + 482*q + 38. Determine i(-5).
228
Let b(t) = 31*t**2 + 20229*t + 11090. Give b(-652).
6
Let w(s) = 22946*s + 22945. What is w(-1)?
-1
Let p(c) = -2*c**2 - 91*c - 1070. Determine p(-19).
-63
Let z(f) = -54*f + 6755. Give z(102).
1247
Let m(b) = -3204697*b - 41661068. Give m(-13).
-7
Let x(p) = -139398*p + 697072. What is x(5)?
82
Let z(j) = 2*j**3 - 78*j**2 + 407*j + 17. What is z(8)?
-695
Let w(t) = 255*t**2 - 11727*t - 139. Determine w(46).
-1
Let a(z) = 10672*z + 234738. Calculate a(-22).
-46
Let w(s) = -820*s - 370635. What is w(-452)?
5
Let v(z) = 21*z**2 + 745*z - 376. Calculate v(-36).
20
Let x(o) = -6*o**3 - 95*o**2 - 4753*o - 76304. Determine x(-16).
0
Let v(r) = -682*r - 61401. What is v(-90)?
-21
Let d(g) = -g**3 - 38*g**2 + 464*g - 135. Calculate d(-47).
-2062
Let m(h) = 46370*h + 1391077. Determine m(-30).
-23
Let g(i) = 18521*i - 407456. What is g(22)?
6
Let t(l) = 27*l**2 - 347*l + 1342. Calculate t(9).
406
Let t(r) = -r**2 + 213*r - 10335. What is t(70)?
-325
Let o(b) = -b**3 + 3*b**2 + 6549*b. Determine o(0).
0
Let r(h) = -36257*h - 5474798. What is r(-151)?
9
Let b(t) = -15*t**3 - 817*t - 1644. Give b(-2).
110
Let j(h) = 3*h**3 - 36*h**2 - 20*h - 77. Give j(8).